{"id":16,"date":"2015-01-14T12:44:34","date_gmt":"2015-01-14T12:44:34","guid":{"rendered":"https:\/\/ngsec.eu\/2015\/2015\/?page_id=16"},"modified":"2015-04-27T11:51:45","modified_gmt":"2015-04-27T11:51:45","slug":"aktualnosci","status":"publish","type":"page","link":"https:\/\/ngsec.eu\/2015\/aktualnosci\/","title":{"rendered":"Aktualno\u015bci"},"content":{"rendered":"<p><div class=\"et_pb_section et_pb_section_parallax et_section_regular\" style='background-color:#f7f7f7;'>\n\t\t\t<div class=\"et_parallax_bg et_pb_parallax_css\" style=\"background-image: url(https:\/\/ngsec.eu\/2015\/wp-content\/uploads\/2015\/04\/main-menu-agenda.jpg);\"><\/div>\n\t\t\t\n\t\t\t\t\n\t\t\t\t<div class=\"et_pb_row\">\n\t\t\t<div class=\"et_pb_column et_pb_column_4_4\">\n\t\t\t<div class=\"et_pb_text et_pb_bg_layout_light et_pb_text_align_left\">\n\t\t\t\n<div style=\"text-transform: uppercase; font-weight: lighter;\">\n<h1>Aktualno\u015bci<\/h1>\n<h5 style=\"color: #b4b4b4;\">Tutaj znajdziesz wszystkie newsy dotycz\u0105ce NGSec 2015<\/h5>\n<\/div>\n\n\t\t<\/div> <!-- .et_pb_text -->\n\t\t<\/div> <!-- .et_pb_column -->\n\t\t<\/div> <!-- .et_pb_row -->\n\t\t\t\n\t\t<\/div> <!-- .et_pb_section --><div class=\"et_pb_section et_section_regular\">\n\t\t\t\n\t\t\t\n\t\t\t\t\n\t\t\t\t<div class=\"et_pb_row\">\n\t\t\t<div class=\"et_pb_column et_pb_column_2_3\">\n\t\t\t<div class=\"et_pb_blog_grid_wrapper\"><div class=\"et_pb_blog_grid clearfix et_pb_bg_layout_light\">\n\t\t\t\n\t\t<article id=\"post-1559\" class=\"et_pb_post post-1559 post type-post status-publish format-standard has-post-thumbnail hentry category-aktualnosci\">\n\n\t\t<div class=\"et_pb_image_container\">\t\t\t\t\t\t<a href=\"https:\/\/ngsec.eu\/2015\/zdjecia-z-ngsec-2015\/\">\n\t\t\t\t\t\t\t<img src=\"https:\/\/ngsec.eu\/2015\/wp-content\/uploads\/2015\/06\/NGSec-2015-foto0340.jpg\" alt='Zdj\u0119cia z NGSec 2015' width='400' height='300' \/>\t\t\t\t\t\t<\/a>\n\t\t\t\t<\/div> <!-- .et_pb_image_container -->\n\t\t\t\t\t\t\t\t\t<h2><a href=\"https:\/\/ngsec.eu\/2015\/zdjecia-z-ngsec-2015\/\">Zdj\u0119cia z NGSec 2015<\/a><\/h2>\n\t\t\t\n\t\t\t<p class=\"post-meta\">  cze 10, 2015  <\/p>...\t\t\n\t\t<\/article> <!-- .et_pb_post -->\n\n\t\t<article id=\"post-1555\" class=\"et_pb_post post-1555 post type-post status-publish format-standard has-post-thumbnail hentry category-aktualnosci\">\n\n\t\t<div class=\"et_pb_image_container\">\t\t\t\t\t\t<a href=\"https:\/\/ngsec.eu\/2015\/ankiety-pokonferencyjne-i-vouchery-szkoleniowe\/\">\n\t\t\t\t\t\t\t<img src=\"https:\/\/ngsec.eu\/2015\/wp-content\/uploads\/2015\/06\/ankieta.png\" alt='Ankiety pokonferencyjne i vouchery szkoleniowe' width='400' height='300' \/>\t\t\t\t\t\t<\/a>\n\t\t\t\t<\/div> <!-- .et_pb_image_container -->\n\t\t\t\t\t\t\t\t\t<h2><a href=\"https:\/\/ngsec.eu\/2015\/ankiety-pokonferencyjne-i-vouchery-szkoleniowe\/\">Ankiety pokonferencyjne i vouchery szkoleniowe<\/a><\/h2>\n\t\t\t\n\t\t\t<p class=\"post-meta\">  cze 8, 2015  <\/p><p>Wype\u0142nij ankiet\u0119 i zdob\u0105d\u017a jeden z czterech voucher\u00f3w szkoleniowych<\/p>\n\t\t\n\t\t<\/article> <!-- .et_pb_post -->\n\n\t\t<article id=\"post-1537\" class=\"et_pb_post post-1537 post type-post status-publish format-standard has-post-thumbnail hentry category-aktualnosci\">\n\n\t\t<div class=\"et_pb_image_container\">\t\t\t\t\t\t<a href=\"https:\/\/ngsec.eu\/2015\/ministerstwo-administracji-i-cyfryzacji-patronem-honorowym-ngsec-2015\/\">\n\t\t\t\t\t\t\t<img src=\"https:\/\/ngsec.eu\/2015\/wp-content\/uploads\/2015\/05\/MAiC-logo-225x160.png\" alt='Ministerstwo Administracji i Cyfryzacji patronem honorowym NGSec 2015' width='400' height='300' \/>\t\t\t\t\t\t<\/a>\n\t\t\t\t<\/div> <!-- .et_pb_image_container -->\n\t\t\t\t\t\t\t\t\t<h2><a href=\"https:\/\/ngsec.eu\/2015\/ministerstwo-administracji-i-cyfryzacji-patronem-honorowym-ngsec-2015\/\">Ministerstwo Administracji i Cyfryzacji patronem honorowym NGSec 2015<\/a><\/h2>\n\t\t\t\n\t\t\t<p class=\"post-meta\">  maj 29, 2015  <\/p><p>Ministerstwo Administracji i Cyfryzacji obj\u0119\u0142o patronatem honorowym tegoroczn\u0105 edycj\u0119 konferencji NGSec 2015. Celem Ministerstwa Administracji i Cyfryzacji jest, by pa\u0144stwo jak najlepiej s\u0142u\u017cy\u0142o swoim obywatelom.\u00a0Chcemy, aby obywatele stali w centrum rozwi\u0105za\u0144 informatycznych \u2013 dzi\u0119ki temu administracji \u0142atwiej b\u0119dzie si\u0119 zmienia\u0107 i unowocze\u015bnia\u0107.\u00a0Chcemy te\u017c, by jak najwi\u0119cej obywateli umia\u0142o wykorzystywa\u0107 narz\u0119dzia cyfrowe do pracy, tw\u00f3rczo\u015bci i [&hellip;]<\/p>\n\t\t\n\t\t<\/article> <!-- .et_pb_post -->\n\n\t\t<article id=\"post-1452\" class=\"et_pb_post post-1452 post type-post status-publish format-standard has-post-thumbnail hentry category-aktualnosci\">\n\n\t\t<div class=\"et_pb_image_container\">\t\t\t\t\t\t<a href=\"https:\/\/ngsec.eu\/2015\/zamykamy-rejestracje-w-piatek\/\">\n\t\t\t\t\t\t\t<img src=\"https:\/\/ngsec.eu\/2015\/wp-content\/uploads\/2015\/05\/zamykamy-rejestracje-ngsec.png\" alt='Zamykamy rejestracj\u0119 w pi\u0105tek!' width='400' height='300' \/>\t\t\t\t\t\t<\/a>\n\t\t\t\t<\/div> <!-- .et_pb_image_container -->\n\t\t\t\t\t\t\t\t\t<h2><a href=\"https:\/\/ngsec.eu\/2015\/zamykamy-rejestracje-w-piatek\/\">Zamykamy rejestracj\u0119 w pi\u0105tek!<\/a><\/h2>\n\t\t\t\n\t\t\t<p class=\"post-meta\">  maj 27, 2015  <\/p><p>Ju\u017c w najbli\u017cszy pi\u0105tek zamykamy rejestracj\u0119 na tegoroczn\u0105 edycj\u0119 NGSec!<\/p>\n\t\t\n\t\t<\/article> <!-- .et_pb_post -->\n\n\t\t<article id=\"post-1412\" class=\"et_pb_post post-1412 post type-post status-publish format-standard has-post-thumbnail hentry category-aktualnosci\">\n\n\t\t<div class=\"et_pb_image_container\">\t\t\t\t\t\t<a href=\"https:\/\/ngsec.eu\/2015\/ngsecowe-after-party\/\">\n\t\t\t\t\t\t\t<img src=\"https:\/\/ngsec.eu\/2015\/wp-content\/uploads\/2015\/05\/Harenda-after-party.png\" alt='NGSecowe After Party!' width='400' height='300' \/>\t\t\t\t\t\t<\/a>\n\t\t\t\t<\/div> <!-- .et_pb_image_container -->\n\t\t\t\t\t\t\t\t\t<h2><a href=\"https:\/\/ngsec.eu\/2015\/ngsecowe-after-party\/\">NGSecowe After Party!<\/a><\/h2>\n\t\t\t\n\t\t\t<p class=\"post-meta\">  maj 26, 2015  <\/p><p>Sprawd\u017a informacj\u0119 o kultowym ju\u017c, NGSec&#8217;owym After Party!<\/p>\n\t\t\n\t\t<\/article> <!-- .et_pb_post -->\n\n\t\t<article id=\"post-1324\" class=\"et_pb_post post-1324 post type-post status-publish format-standard has-post-thumbnail hentry category-aktualnosci\">\n\n\t\t<div class=\"et_pb_image_container\">\t\t\t\t\t\t<a href=\"https:\/\/ngsec.eu\/2015\/rabat\/\">\n\t\t\t\t\t\t\t<img src=\"https:\/\/ngsec.eu\/2015\/wp-content\/uploads\/2015\/05\/rabat30.png\" alt='Super rabat dla uczestnik\u00f3w NGSec 2015!' width='400' height='300' \/>\t\t\t\t\t\t<\/a>\n\t\t\t\t<\/div> <!-- .et_pb_image_container -->\n\t\t\t\t\t\t\t\t\t<h2><a href=\"https:\/\/ngsec.eu\/2015\/rabat\/\">Super rabat dla uczestnik\u00f3w NGSec 2015!<\/a><\/h2>\n\t\t\t\n\t\t\t<p class=\"post-meta\">  maj 21, 2015  <\/p><p>30% rabatu na kursy Security IT<\/p>\n\t\t\n\t\t<\/article> <!-- .et_pb_post -->\n\n\t\t<article id=\"post-1259\" class=\"et_pb_post post-1259 post type-post status-publish format-standard has-post-thumbnail hentry category-aktualnosci\">\n\n\t\t<div class=\"et_pb_image_container\">\t\t\t\t\t\t<a href=\"https:\/\/ngsec.eu\/2015\/zdobadz-wiedzmina-3-oraz-raspberry-pi-na-ngsec-2015\/\">\n\t\t\t\t\t\t\t<img src=\"https:\/\/ngsec.eu\/2015\/wp-content\/uploads\/2015\/05\/wiedzmin3-dziki-gon-400x300.jpg\" alt='Zdob\u0105d\u017a Wied\u017amina 3 oraz Raspberry Pi na NGSec 2015' width='400' height='300' \/>\t\t\t\t\t\t<\/a>\n\t\t\t\t<\/div> <!-- .et_pb_image_container -->\n\t\t\t\t\t\t\t\t\t<h2><a href=\"https:\/\/ngsec.eu\/2015\/zdobadz-wiedzmina-3-oraz-raspberry-pi-na-ngsec-2015\/\">Zdob\u0105d\u017a Wied\u017amina 3 oraz Raspberry Pi na NGSec 2015<\/a><\/h2>\n\t\t\t\n\t\t\t<p class=\"post-meta\">  maj 19, 2015  <\/p><p>Zgarnij sw\u00f3j egzamplarz Wied\u017amina 3 na NGSec 2015!<\/p>\n\t\t\n\t\t<\/article> <!-- .et_pb_post -->\n\n\t\t<article id=\"post-1245\" class=\"et_pb_post post-1245 post type-post status-publish format-standard has-post-thumbnail hentry category-aktualnosci\">\n\n\t\t<div class=\"et_pb_image_container\">\t\t\t\t\t\t<a href=\"https:\/\/ngsec.eu\/2015\/ngsecowe-t-shirty-dla-wszystkich\/\">\n\t\t\t\t\t\t\t<img src=\"https:\/\/ngsec.eu\/2015\/wp-content\/uploads\/2015\/05\/koszulka-ngsec2015.jpg\" alt='NGSec&#8217;owe t-shirty dla wszystkich!' width='400' height='300' \/>\t\t\t\t\t\t<\/a>\n\t\t\t\t<\/div> <!-- .et_pb_image_container -->\n\t\t\t\t\t\t\t\t\t<h2><a href=\"https:\/\/ngsec.eu\/2015\/ngsecowe-t-shirty-dla-wszystkich\/\">NGSec&#8217;owe t-shirty dla wszystkich!<\/a><\/h2>\n\t\t\t\n\t\t\t<p class=\"post-meta\">  maj 19, 2015  <\/p><p>Ka\u017cdy z uczestnik\u00f3w dostanie tak\u0105 koszulk\u0119 przy wej\u015bciu na konferencj\u0119.<\/p>\n\t\t\n\t\t<\/article> <!-- .et_pb_post -->\n\n\t\t<article id=\"post-1152\" class=\"et_pb_post post-1152 post type-post status-publish format-standard has-post-thumbnail hentry category-aktualnosci\">\n\n\t\t<div class=\"et_pb_image_container\">\t\t\t\t\t\t<a href=\"https:\/\/ngsec.eu\/2015\/securing-na-ngsec-2015\/\">\n\t\t\t\t\t\t\t<img src=\"https:\/\/ngsec.eu\/2015\/wp-content\/uploads\/2015\/05\/securing-new-partner-400x300.jpg\" alt='SecuRing na NGSec 2015' width='400' height='300' \/>\t\t\t\t\t\t<\/a>\n\t\t\t\t<\/div> <!-- .et_pb_image_container -->\n\t\t\t\t\t\t\t\t\t<h2><a href=\"https:\/\/ngsec.eu\/2015\/securing-na-ngsec-2015\/\">SecuRing na NGSec 2015<\/a><\/h2>\n\t\t\t\n\t\t\t<p class=\"post-meta\">  maj 12, 2015  <\/p><p>SecuRing to zesp\u00f3\u0142 ekspert\u00f3w zajmuj\u0105cych si\u0119 bezpiecze\u0144stwem aplikacji i system\u00f3w informatycznych&#8230;<\/p>\n\t\t\n\t\t<\/article> <!-- .et_pb_post -->\n<\/div> <!-- .et_pb_posts --><div class=\"pagination clearfix\">\r\n\t<div class=\"alignleft\"><a href=\"https:\/\/ngsec.eu\/2015\/wp-json\/wp\/v2\/pages\/16\/page\/2\/\" >&laquo; Older Entries<\/a><\/div>\r\n\t<div class=\"alignright\"><\/div>\r\n<\/div>\n\t\t<\/div>\n\t\t<\/div> <!-- .et_pb_column --><div class=\"et_pb_column et_pb_column_1_3\">\n\t\t\t<div class=\"et_pb_widget_area et_pb_widget_area_right clearfix et_pb_bg_layout_light\">\n\t\t\t<div id=\"archives-2\" class=\"et_pb_widget widget_archive\"><h4 class=\"widgettitle\">Archiwa<\/h4>\n\t\t\t<ul>\n\t\t\t\t\t<li><a href='https:\/\/ngsec.eu\/2015\/2015\/06\/'>czerwiec 2015<\/a><\/li>\n\t<li><a href='https:\/\/ngsec.eu\/2015\/2015\/05\/'>maj 2015<\/a><\/li>\n\t<li><a href='https:\/\/ngsec.eu\/2015\/2015\/04\/'>kwiecie\u0144 2015<\/a><\/li>\n\t<li><a href='https:\/\/ngsec.eu\/2015\/2015\/03\/'>marzec 2015<\/a><\/li>\n\t<li><a href='https:\/\/ngsec.eu\/2015\/2015\/02\/'>luty 2015<\/a><\/li>\n\t<li><a href='https:\/\/ngsec.eu\/2015\/2015\/01\/'>stycze\u0144 2015<\/a><\/li>\n\t\t\t<\/ul>\n\n\t\t\t<\/div> <!-- end .et_pb_widget --><div id=\"search-2\" class=\"et_pb_widget widget_search\"><form role=\"search\" method=\"get\" id=\"searchform\" class=\"searchform\" action=\"https:\/\/ngsec.eu\/2015\/\">\n\t\t\t\t<div>\n\t\t\t\t\t<label class=\"screen-reader-text\" for=\"s\">Szukaj:<\/label>\n\t\t\t\t\t<input type=\"text\" value=\"\" name=\"s\" id=\"s\" \/>\n\t\t\t\t\t<input type=\"submit\" id=\"searchsubmit\" value=\"Szukaj\" \/>\n\t\t\t\t<\/div>\n\t\t\t<\/form><\/div> <!-- end .et_pb_widget --><div id=\"text-2\" class=\"et_pb_widget widget_text\"><h4 class=\"widgettitle\">Sprawd\u017a nas r\u00f3wnie\u017c tutaj:<\/h4>\t\t\t<div class=\"textwidget\"><div class=\"et_pb_promo et_pb_bg_layout_dark et_pb_text_align_center et_pb_no_bg\" style=\"text-align:left; padding-top:20px !important\">\r\n<a class=\"et_pb_promo_button\" href=\"https:\/\/www.facebook.com\/ngsec\">Facebook<\/a>\r\n<\/div><\/div>\n\t\t<\/div> <!-- end .et_pb_widget --><div id=\"text-4\" class=\"et_pb_widget widget_text\"><h4 class=\"widgettitle\">Do\u0142\u0105cz te\u017c do grupy na LinkedIn<\/h4>\t\t\t<div class=\"textwidget\"><div class=\"et_pb_promo et_pb_bg_layout_dark et_pb_text_align_center et_pb_no_bg\" style=\"text-align:left; padding-top:20px !important\">\r\n<a class=\"et_pb_promo_button\" href=\"http:\/\/www.linkedin.com\/grp\/home?gid=8317790\">LinkedIn<\/a>\r\n<\/div><\/div>\n\t\t<\/div> <!-- end .et_pb_widget -->\n\t\t<\/div> <!-- .et_pb_widget_area -->\n\t\t<\/div> <!-- .et_pb_column -->\n\t\t<\/div> <!-- .et_pb_row -->\n\t\t\t\n\t\t<\/div> <!-- .et_pb_section --><\/p>\n","protected":false},"excerpt":{"rendered":"","protected":false},"author":1,"featured_media":0,"parent":0,"menu_order":0,"comment_status":"open","ping_status":"open","template":"","meta":[],"_links":{"self":[{"href":"https:\/\/ngsec.eu\/2015\/wp-json\/wp\/v2\/pages\/16"}],"collection":[{"href":"https:\/\/ngsec.eu\/2015\/wp-json\/wp\/v2\/pages"}],"about":[{"href":"https:\/\/ngsec.eu\/2015\/wp-json\/wp\/v2\/types\/page"}],"author":[{"embeddable":true,"href":"https:\/\/ngsec.eu\/2015\/wp-json\/wp\/v2\/users\/1"}],"replies":[{"embeddable":true,"href":"https:\/\/ngsec.eu\/2015\/wp-json\/wp\/v2\/comments?post=16"}],"version-history":[{"count":24,"href":"https:\/\/ngsec.eu\/2015\/wp-json\/wp\/v2\/pages\/16\/revisions"}],"predecessor-version":[{"id":877,"href":"https:\/\/ngsec.eu\/2015\/wp-json\/wp\/v2\/pages\/16\/revisions\/877"}],"wp:attachment":[{"href":"https:\/\/ngsec.eu\/2015\/wp-json\/wp\/v2\/media?parent=16"}],"curies":[{"name":"wp","href":"https:\/\/api.w.org\/{rel}","templated":true}]}}